14.
-1bdb94
-3378698 (base 12) to base 10
-9864404
What is -1625264 (base 7) in base 13?
-7b635
Convert 1065543 (base 7) to base 3.
20210212200
-12210022032 (base 4) to base 12
-6abb26
-100120000121022 (base 3) to base 16
-4d7e7e
Convert 15035 (base 6) to base 16.
95f
Convert 515a58 (base 12) to base 8.
4672244
-2132322232 (base 4) to base 11
-405061
What is 6a4527 (base 13) in base 3?
11202011221201
What is 1012020221 (base 3) in base 12?
11737
What is -41251 (base 9) in base 16?
-6a2d
What is 19bd32 (base 15) in base 16?
1326b9
What is 2169756 (base 11) in base 12?
1335ab6
7506417 (base 8) to base 15
298396
-909c1 (base 13) to base 7
-2125210
Convert -1100201021 (base 3) to base 11.
-19121
-20343033 (base 5) to base 6
-3340102
-54551451 (base 7) to base 10
-4684926
-2584ea (base 16) to base 6
-124411334
-30b081 (base 12) to base 13
-20a625
What is -11122111202 (base 3) in base 12?
-44b48
1364803 (base 12) to base 16
3af983
What is -21220210022 (base 3) in base 14?
-40b24
What is -4c7ad (base 15) in base 14?
-65294
What is 32512 (base 9) in base 5?
1142212
-106456 (base 7) to base 2
-100101010011110
What is -1022334413 (base 5) in base 4?
-20031200203
Convert 138572 (base 9) to base 15.
1a2de
What is -1042124320 (base 5) in base 2?
-1000110001111110001011
7a863 (base 16) to base 5
112024414
c0a2ac (base 16) to base 11
714301a
-470634 (base 8) to base 16
-2719c
-2123314 (base 7) to base 2
-111111000000101110
What is 330456 (base 8) in base 11?
76353
-19a6b (base 14) to base 3
-10022101121
Convert -132120312 (base 5) to base 13.
-1a1968
What is -1101332231 (base 4) in base 2?
-1010001111110101101
What is 210013232100 (base 4) in base 11?
5388075
-bc902b (base 15) to base 12
-3017195
100011001100001011011001 (base 2) to base 9
18320182
c0c11 (base 14) to base 2
1110001000111111111
Convert -1013736 (base 8) to base 4.
-1001133132
What is 100221200200 (base 3) in base 6?
4110500
120954 (base 16) to base 8
4404524
What is 1100011101011101110101 (base 2) in base 11?
1931124
14813736 (base 9) to base 3
111220110211020
What is -101010100111010011111 (base 2) in base 9?
-2557426
What is 19117 (base 14) in base 5?
4011304
5132644 (base 9) to base 6
134403321
Convert -3a907 (base 12) to base 10.
-80791
-b76a56 (base 15) to base 4
-201103113201
What is 100201022211 (base 3) in base 13?
69076
-4689b (base 12) to base 4
-113011313
-4330300 (base 5) to base 12
-36881
Convert 10011111010110011 (base 2) to base 11.
56330
Convert 516630 (base 7) to base 4.
111223221
What is -607087 (base 11) in base 6?
-32525114
-13001451 (base 6) to base 13
-1193c5
What is 332113303 (base 4) in base 14?
69163
Convert -101101000000101110000001 (base 2) to base 15.
-10811d5
Convert 13b661 (base 12) to base 6.
11032201
What is -33032133 (base 4) in base 7?
-346554
-384402 (base 14) to base 12
-79246a
What is 106e64 (base 15) in base 9?
1422804
What is 25f8af (base 16) in base 2?
1001011111100010101111
What is -711032 (base 8) in base 4?
-321020122
Convert -d8ee (base 16) to base 7.
-320623
101023101 (base 4) to base 3
10120111200
1430644 (base 7) to base 16
2ef96
-145829 (base 13) to base 12
-200185
Convert -330769 (base 11) to base 14.
-da5c2
Convert 22270 (base 10) to base 3.
1010112211
Convert 11000111011101100 (base 2) to base 11.
6a800
177a6a (base 12) to base 4
1203200302
49b1b (base 13) to base 14
37752
Convert -20003022032 (base 4) to base 9.
-3865448
What is 335332 (base 7) in base 3?
10000122001
-3a8e29 (base 16) to base 5
-1440244411
Convert 1110001110011011101 (base 2) to base 5.
104404031
Convert 35774 (base 14) to base 13.
474b0
Convert -122200001100 (base 3) to base 14.
-90a49
Convert 34625112 (base 7) to base 15.
40347c
Convert 48d96 (base 14) to base 8.
534170
-1220102001022 (base 3) to base 2
-11110111000010101111
Convert 13145005 (base 6) to base 7.
3455105
Convert 10a4253 (base 15) to base 7.
203145444
What is ff769 (base 16) in base 6?
34232201
101917 (base 11) to base 7
1250434
What is 2373621 (base 8) in base 15?
cd81b
Convert 235710 (base 8) to base 14.
21664
Convert 442441541 (base 6) to base 4.
132121113211
Convert 1064144 (base 7) to base 4.
200212010
Convert -49c1d (base 14) to base 5.
-21240424
What is -13cb3 (base 13) in base 14?
-d862
Convert -1110001001010001010100 (base 2) to base 8.
-16112124
-64322 (base 7) to base 15
-4acb
-1415676 (base 11) to base 15
-3324ea
Convert -1023556 (base 7) to base 16.
-1e376
What is -16743 (base 13) in base 10?
-42981
-30b2752 (base 12) to base 7
-141055451
What is 1002312232 (base 4) in base 9?
456564
536aa48 (base 11) to base 8
44014060
-21344143 (base 6) to base 15
-c867c
What is -202041130 (base 6) in base 16?
-34c3ce
What is 2477738 (base 9) in base 7?
14323634
-fbeab (base 16) to base 12
-419177
Convert -33230431 (base 5) to base 11.
-188554
Convert -7c5130 (base 13) to base 6.
-143143104
What is -175270 (base 9) in base 14?
-2b94a
What is 243032 (base 6) in base 2?
101001110011100
Convert -11001100010000001 (base 2) to base 5.
-11321302
What is -389228 (base 10) in base 14?
-a1bc0
-163822 (base 9) to base 16
-18b96
What is -10001211002020 (base 3) in base 2?
-110001101111110011000
1f4d36 (base 16) to base 7
23302464
-4200011 (base 5) to base 2
-10000110010010100
Convert -17624327 (base 8) to base 5.
-2024423343
What is 6378857 (base 9) in base 8?
15024214
-6690bc (base 14) to base 13
-94c045
-11011222021 (base 3) to base 14
-22029
What is 2dfa19 (base 16) in base 12?
1013875
What is -180a35 (base 15) in base 16?
-11cd53
What is -123cc57 (base 13) in base 7?
-66211044
25630530 (base 7) to base 2
1000111100001011011010
Convert 1111010110111011 (base 2) to base 3.
10012021220
-638a0 (base 11) to base 4
-112223311
What is 11000101100101000011 (base 2) in base 15?
10ebc3
-a154 (base 15) to base 11
-23649
Convert -3937d3 (base 14) to base 2.
-111100000101101101101
-600001 (base 8) to base 10
-196609
What is -e8e4a (base 15) in base 13?
-1cb47b
What is 97630 (base 10) in base 9?
157827
What is -11101010101011000101101 (base 2) in base 3?
-112110200101102
Convert -117109 (base 12) to base 7.
-2252424
17fc4 (base 16) to base 4
113333010
a75 (base 16) to base 3
10200011
-112122122 (base 4) to base 9
-148832
-10111111011011000001 (base 2) to base 5
-200042230
Convert -40161524 (base 7) to base 16.
-32c027
Convert 53114 (base 10) to base 11.
369a6
Convert 33983 (base 13) to base 10.
93902
Convert -10245131 (base 6) to base 9.
-510001
-124014464 (base 7) to base 14
-1094134
Convert -3798a82 (base 12) to base 9.
-22455358
Convert 34334104 (base 5) to base 9.
520348
140d48 (base 15) to base 12
3a6458
Convert 3985e7 (base 15) to base 11.
1617223
What is -110000100111110010 (base 2) in base 16?
-309f2
Convert -31411270 (base 8) to base 10.
-6689464
Convert 11a876 (base 14) to base 9.
1122343
-20333213110 (base 4) to base 2
-1000111111100111010100
What is -110100021000 (base 3) in base 16?
-3b502
Convert 2121210111010 (base 3) to base 8.
5241501
Convert -24012303 (base 6) to base 10.
-748335
Convert -1100011000110010110 (base 2) to base 15.
-8040a
Convert -325664 (base 7) to base 5.
-3313103
377166 (base 13) to base 10
1329438
Convert 8c21 (base 16) to base 10.
35873
-142577 (base 8) to base 15
-eea9
1122010000121 (base 3) to base 4
3103332133
Convert 22102000002 (base 3) to base 16.
2866d
Convert -15042505 (base 8) to base 16.
-344545
What is a9388a (base 15) in base 8?
36600766
Convert 3b88 (base 14) to base 5.
314013
Convert -220454314 (base 6) to base 13.
-a87522
What is 1133012 (base 7) in base 11?
98235
Convert -623118 (base 11) to base 5.
-223442341
What is -1003202224 (base 6) in base 3?
-201020221001021
What is -5704216 (base 9) in base 15?
-40aa96
-9178d4 (base 15) to base 11
-39a0066
What is -3747590 (base 12) in base 9?
-22273750
Convert -96971 (base 12) to base 6.
-4130221
What is 3ad11 (base 14) in base 2?
100011011101100011
Convert -d78c (base 16) to base 6.
-1103244
What is 2d04 (base 14) in base 2?
1111101101000
What is -88a87 (base 12) in base 7?
-1353304
-10001000100000010011100 (base 2) to base 16
-44409c
8d209 (base 16) to base 8
2151011
365222 (base 10) to base 5
43141342
Convert -1010010201 (base 3) to base 8.
-52722
What is -1530122 (base 6) in base 4?
-111312002
Convert 1a9106 (base 13) to base 1